{"id":31,"date":"2024-01-11T17:05:06","date_gmt":"2024-01-11T16:05:06","guid":{"rendered":"http:\/\/bien-etrereiki-jpierre.com\/?page_id=31"},"modified":"2026-03-01T12:10:10","modified_gmt":"2026-03-01T11:10:10","slug":"temoignages","status":"publish","type":"page","link":"https:\/\/bien-etrereiki-jpierre.com\/index.php\/temoignages\/","title":{"rendered":"T\u00c9MOIGNAGES"},"content":{"rendered":"\n<figure class=\"wp-block-image size-full is-resized\"><img loading=\"lazy\" decoding=\"async\" width=\"571\" height=\"656\" src=\"https:\/\/bien-etrereiki-jpierre.com\/wp-content\/uploads\/2024\/01\/Capture-4.png\" alt=\"\" class=\"wp-image-179\" style=\"width:366px;height:auto\" srcset=\"https:\/\/bien-etrereiki-jpierre.com\/wp-content\/uploads\/2024\/01\/Capture-4.png 571w, https:\/\/bien-etrereiki-jpierre.com\/wp-content\/uploads\/2024\/01\/Capture-4-261x300.png 261w\" sizes=\"auto, (max-width: 571px) 100vw, 571px\" \/><\/figure>\n\n\n\n<p><strong>B\u00e9atrice 2008<\/strong><\/p>\n\n\n\n<p>Merci pour ce joli voyage au royaume de la paix. Beaucoup moins d\u2019angoisses et plus de joie. La fin d\u2019une p\u00e9riode et le d\u00e9but d\u2019une autre. Une jolie rencontre. Amiti\u00e9s.<\/p>\n\n\n\n<p><strong>Dani\u00e8le 2011<\/strong><\/p>\n\n\n\n<p>Les soins prodigu\u00e9s par Jean-Pierre m\u2019ont apais\u00e9e voire transform\u00e9e. J\u2019ai pu m\u2019\u00e9vader, imaginer un lac d\u2019un calme inou\u00ef qui m\u2019a plong\u00e9e dans un bain de douceur et de pl\u00e9nitude. Cela m\u2019a renforc\u00e9e et m\u2019a accompagn\u00e9e pendant plusieurs semaines. J\u2019ai pu en faire profiter mon entourage. La paix \u00e9tait retrouv\u00e9e. Ce soin est encore pr\u00e9sent aujourd\u2019hui et j\u2019en remercie Jean-Pierre pour tous ces bienfaits, sa g\u00e9n\u00e9rosit\u00e9 et sa bont\u00e9 qui m\u2019aident \u00e0 avancer. Merci encore Jean-Pierre pour ma famille et moi-m\u00eame.<\/p>\n\n\n\n<p><strong>Sophie f\u00e9vrier 2012<\/strong><\/p>\n\n\n\n<p>Un grand merci \u00e0 vous depuis 6 ans que je vous connais pour le bien-\u00eatre et l\u2019\u00e9nergie que vous me redonnez. Quand je suis une pile vide, dans les moments de doute et de solitude, vous parvenez toujours avec vos mains \u00e0 m\u2019apaiser, me ressourcer. Je ressens cet \u00e9lan de vie et cette joie de vivre en moi. Merci de m\u2019avoir initi\u00e9e au 1<sup>er<\/sup> et 2eme degr\u00e9 du REIKI. C\u2019est une belle exp\u00e9rience que je veux poursuivre et que je continue \u00e0 travers lectures et rencontres.<\/p>\n\n\n\n<p><strong>Dani\u00e8le 2013<\/strong><\/p>\n\n\n\n<p>Jean-Pierre est tout d\u2019abord un homme bon et disponible. Ses yeux clairs sont pleins de bienveillance et de bont\u00e9. Pendant les consultations, il se donne totalement \u00e0 la personne avec s\u00e9rieux, concentration et discernement. Extraordinaire dans ses pr\u00e9visions qui sont tr\u00e8s rapidement v\u00e9rifi\u00e9es et confirm\u00e9es. Nous avons eu des passages tr\u00e8s difficiles, Jean-Pierre a toujours r\u00e9pondu pr\u00e9sent et nous a accompagn\u00e9s sans jamais nous l\u00e2cher la main. Gr\u00e2ce \u00e0 ses dons de voyance et aux soins qu\u2019il prodigue REIKI USUI (et qu\u2019il enseigne en tant que Maitre Enseignant), il a su nous apaiser et continue \u00e0 nous guider tout en nous redonnant le courage et l\u2019espoir. Sans lui, nous aurions sombr\u00e9s.<\/p>\n\n\n\n<p><strong>Alberto 2014<\/strong><\/p>\n\n\n\n<p>C\u2019est la suite de la belle et riche rencontre, commenc\u00e9e il y a deux ans avec Jean-Pierre. Je viens de passer le 1<sup>er<\/sup> degr\u00e9 de REIKI par choix, par envie et je ne le regrette pas. D\u00e9j\u00e0, j\u2019avais vu les bienfaits apport\u00e9s par le REIKI sur moi, lors des soins prodigu\u00e9s par Jean-Pierre. Loin de moi de convaincre qui que ce soit, mais toutes exp\u00e9riences nouvelles entour\u00e9es de bienveillance peut apporter \u00e0 qui le veut du bien-\u00eatre. Aujourd\u2019hui, je continue \u00e0 en voir les bienfaits \u00e0 travers \u00ab&nbsp;connaissance et initiation au premier degr\u00e9 de REIKI&nbsp;\u00bb. L\u2019exp\u00e9rience est riche et je laisse \u00e0 chacun l\u2019envie de d\u00e9couvrir une pratique de soins qui est \u00e0 la fois d\u2019une forte intensit\u00e9 int\u00e9rieure et dont chacun a son propre ressenti personnel, voire intime.<\/p>\n\n\n\n<p><strong>Audrey 08 ao\u00fbt 2014<\/strong><\/p>\n\n\n\n<p>Merci pour cette s\u00e9ance troublante et bleufante. Merci pour le bien-\u00eatre que vous avez su me procurer tant physiquement que mentalement. Vous \u00eates un homme surprenant. A tr\u00e8s vite. Merci pour les pistes que vous avez su \u00e9claircir et qui m\u2019ont redonn\u00e9es la force et l\u2019envie de me battre. Cordialement<\/p>\n\n\n\n<p><strong>S\u00e9verine 2015<\/strong><\/p>\n\n\n\n<p>J\u2019ai essay\u00e9 diverses th\u00e9rapies qui n\u2019ont rien donn\u00e9es. Vous \u00e9tiez mon dernier recours et apr\u00e8s quelques s\u00e9ances de REIKI je vois une nette am\u00e9lioration. Si cela n\u2019avait pas \u00e9t\u00e9 le cas, j\u2019aurai arr\u00eat\u00e9e imm\u00e9diatement. Vous m\u2019avez toujours incit\u00e9e \u00e0 continuer imp\u00e9rativement les divers traitements m\u00e9dicaux et je vous en remercie.<\/p>\n\n\n\n<p><strong>Olivia et H\u00e9l\u00e8ne (s\u0153urs) f\u00e9vrier 2016<\/strong><\/p>\n\n\n\n<p><strong>Par courriel d\u2019Olivia<\/strong>&nbsp;: J\u2019ai beaucoup appris lors de cette formation, d\u2019autant plus que l\u2019accueil \u00e9tait chaleureux et les temps d\u2019apprentissage conviviaux. J\u2019ai effectu\u00e9 les exercices chaque jour, deux fois 1 heure et demie et deux fois sur 1 heure.<\/p>\n\n\n\n<p>Je me sens plus apais\u00e9e, j\u2019ai l\u2019impression que tout se met en place plus facilement dans ma vie. Je vous souhaite une lumineuse journ\u00e9e. A bient\u00f4t.<\/p>\n\n\n\n<p><strong>Par SMS d\u2019H\u00e9l\u00e8ne<\/strong>&nbsp;: Nous sommes bien rentr\u00e9es. Le stage \u00e9tait super.<\/p>\n\n\n\n<p><strong>Adelina 04 mai 2016<\/strong><\/p>\n\n\n\n<p>Un grand remerciement pour tout ce que vous faites pour ma petite princesse, c\u2019est formidable de la voir si \u00e9panouie. Un grand merci pour toutes ces ondes positives.<\/p>\n\n\n\n<p><strong>\u00c9meline mars 2017<\/strong><\/p>\n\n\n\n<p>C\u2019est apr\u00e8s avoir b\u00e9n\u00e9fici\u00e9 d\u2019un soin REIKI aupr\u00e8s de Jean-Pierre que j\u2019ai d\u00e9cid\u00e9 (rapidement), de passer le pas de l\u2019initiation au 1<sup>er<\/sup> degr\u00e9. J\u2019avais pu ressentir une \u00e9nergie et un bienfait immenses et j\u2019ai voulu pousser plus loin cette exp\u00e9rience. Cela fait presque deux mois maintenant et je peux affirmer que recevoir et partager le REIKI est une v\u00e9ritable alchimie humaine.<\/p>\n\n\n\n<p><strong>Florence 01 d\u00e9cembre 2018<\/strong><\/p>\n\n\n\n<p>Je suis transform\u00e9e&nbsp;: mes id\u00e9es sont plus claires, mon stress a consid\u00e9rablement diminu\u00e9 bien qu\u2019il y ait encore des p\u00e9riodes difficiles mais que de temps en temps. A la 2eme s\u00e9ance je me trouve beaucoup plus d\u00e9contract\u00e9e et JE ME SENS BIEN.<\/p>\n\n\n\n<p><strong>\u00c9milie 31 d\u00e9cembre 2020<\/strong><\/p>\n\n\n\n<p>J\u2019ai rendez vous chez le sp\u00e9cialiste en mars 2021 pour de violentes douleurs aux poignets. La douleur est telle que j\u2019ai voulu essayer le REIKI pour me soulager en attendant le rendez-vous. Apr\u00e8s une s\u00e9ance, j\u2019ai constat\u00e9 une am\u00e9lioration tr\u00e8s significative et j\u2019ai donc pris la d\u00e9cision de faire quatre s\u00e9ances. Le r\u00e9sultat est remarquable. Je peux attendre la date de mon rendez-vous plus sereinement.<\/p>\n\n\n\n<p><strong>Virginie 16 d\u00e9cembre 2021<\/strong><\/p>\n\n\n\n<p>Soins tr\u00e8s b\u00e9n\u00e9fiques autant sur le physique que sur le mental. D\u2019une bienveillance absolue. Je recommande fortement Jean-Pierre.<\/p>\n\n\n\n<p><strong>\u00c9velyne 08 octobre 2023<\/strong><\/p>\n\n\n\n<p>Belle rencontre, on se sent bien, un bon feeling. M\u00e9rit\u00e9 d\u2019\u00eatre connu. <\/p>\n\n\n\n<p><strong>Hery 07 avril 2024<\/strong><\/p>\n\n\n\n<p>Merci beaucoup jean-pierre tu m&rsquo;as fait ouvrir les yeux, \u00e0 des connaissances inestimables. Merci encore<\/p>\n\n\n\n<p><strong>NB: Voir page: OFFRE DE SERVICES ET TARIFS<\/strong> <strong>(autres disciplines propos\u00e9es) <\/strong><\/p>\n\n\n\n<p><\/p>\n","protected":false},"excerpt":{"rendered":"<p>B\u00e9atrice 2008 Merci pour ce joli voyage au royaume de la paix. Beaucoup moins d\u2019angoisses et plus de joie. La fin d\u2019une p\u00e9riode et le d\u00e9but d\u2019une autre. Une jolie rencontre. Amiti\u00e9s. Dani\u00e8le 2011 Les soins prodigu\u00e9s par Jean-Pierre m\u2019ont apais\u00e9e voire transform\u00e9e. J\u2019ai pu m\u2019\u00e9vader, imaginer un lac d\u2019un calme inou\u00ef qui m\u2019a plong\u00e9e [&hellip;]<\/p>\n","protected":false},"author":1,"featured_media":0,"parent":0,"menu_order":0,"comment_status":"closed","ping_status":"closed","template":"","meta":{"footnotes":""},"class_list":["post-31","page","type-page","status-publish","hentry"],"_links":{"self":[{"href":"https:\/\/bien-etrereiki-jpierre.com\/index.php\/wp-json\/wp\/v2\/pages\/31","targetHints":{"allow":["GET"]}}],"collection":[{"href":"https:\/\/bien-etrereiki-jpierre.com\/index.php\/wp-json\/wp\/v2\/pages"}],"about":[{"href":"https:\/\/bien-etrereiki-jpierre.com\/index.php\/wp-json\/wp\/v2\/types\/page"}],"author":[{"embeddable":true,"href":"https:\/\/bien-etrereiki-jpierre.com\/index.php\/wp-json\/wp\/v2\/users\/1"}],"replies":[{"embeddable":true,"href":"https:\/\/bien-etrereiki-jpierre.com\/index.php\/wp-json\/wp\/v2\/comments?post=31"}],"version-history":[{"count":12,"href":"https:\/\/bien-etrereiki-jpierre.com\/index.php\/wp-json\/wp\/v2\/pages\/31\/revisions"}],"predecessor-version":[{"id":650,"href":"https:\/\/bien-etrereiki-jpierre.com\/index.php\/wp-json\/wp\/v2\/pages\/31\/revisions\/650"}],"wp:attachment":[{"href":"https:\/\/bien-etrereiki-jpierre.com\/index.php\/wp-json\/wp\/v2\/media?parent=31"}],"curies":[{"name":"wp","href":"https:\/\/api.w.org\/{rel}","templated":true}]}}