{"id":21,"date":"2024-01-11T16:55:16","date_gmt":"2024-01-11T15:55:16","guid":{"rendered":"http:\/\/bien-etrereiki-jpierre.com\/?page_id=21"},"modified":"2025-08-18T14:45:20","modified_gmt":"2025-08-18T12:45:20","slug":"formations-reiki-usui","status":"publish","type":"page","link":"https:\/\/bien-etrereiki-jpierre.com\/index.php\/formations-reiki-usui\/","title":{"rendered":"CONTENU DES FORMATIONS REIKI USUI"},"content":{"rendered":"\n<p><strong>NIVEAU 1&nbsp;:<\/strong><\/p>\n\n\n\n<p><strong>GENERALITES<\/strong><\/p>\n\n\n\n<p>Le niveau 1 du REIKI consiste en quatre initiations ou transferts d\u2019\u00e9nergie. Cons\u00e9quence unique, les mains deviennent sensibles \u00e0 la pr\u00e9sence des d\u00e9s\u00e9quilibres dans le corps, r\u00e9agissant par des sensations de chaleur et des picotements. Tant que le d\u00e9s\u00e9quilibre demande l\u2019\u00e9nergie, les mains r\u00e9pondent \u00e0 ce besoin. Lorsque le d\u00e9s\u00e9quilibre a disparu, ou que cette partie du corps \u00e0 momentan\u00e9ment \u00ab&nbsp;fait le plein&nbsp;\u00bb de REIKI, les mains redeviennent normales.<\/p>\n\n\n\n<p>L\u2019\u00e9nergie s\u2019\u00e9coule de l\u2019univers dans le chakra de la couronne au sommet de la t\u00eate, le chakra du troisi\u00e8me \u0153il, le chakra de la gorge et le chakra du c\u0153ur, puis par les bras et les mains vers le receveur. REIKI a cela d\u2019unique que c\u2019est une des rares m\u00e9thodes de soins que l\u2019on peut appliquer aussi bien sur soi-m\u00eame que sur autrui.<\/p>\n\n\n\n<p><strong>CONTENU DU 1<sup>ER<\/sup> DEGRE<\/strong><\/p>\n\n\n\n<p>Introduction<\/p>\n\n\n\n<p>Lign\u00e9e des Maitres de REIKI<\/p>\n\n\n\n<p>Qu\u2019est ce que le REIKI<\/p>\n\n\n\n<p>Historique du REIKI<\/p>\n\n\n\n<p>Les cinq principes du REIKI<\/p>\n\n\n\n<p>Les effets du REIKI<\/p>\n\n\n\n<p>Les outils du praticien de REIKI<\/p>\n\n\n\n<p>Transmettre l\u2019\u00e9nergie du REIKI<\/p>\n\n\n\n<p>Le traitement pour autrui<\/p>\n\n\n\n<p>Pratiques&nbsp;: sur soi ou sur les autres<\/p>\n\n\n\n<p>Informations suppl\u00e9mentaires<\/p>\n\n\n\n<p>Bibliographie<\/p>\n\n\n\n<p>Initiation<\/p>\n\n\n\n<p><strong>NIVEAU 2&nbsp;:<\/strong><\/p>\n\n\n\n<p><strong>L\u2019\u00e9nergie du niveau 2 du REIKI accentue celle du niveau 1, <\/strong>donnant des r\u00e9sultats plus rapides et plus profonds. C\u2019est aussi une technique de traitement \u00e0 distance qui permet d\u2019envoyer l\u2019\u00e9nergie n\u2019importe ou \u00e0 une personne qui en fait la demande et d\u00e9sire la recevoir sur le plan \u00e9th\u00e9rique. Lorsque le soin est demand\u00e9 par une personne au b\u00e9n\u00e9fice d\u2019une autre, l\u2019autorisation du receveur est n\u00e9cessaire.<\/p>\n\n\n\n<p>Dans le 2eme niveau, on apprend aussi quelques uns des anciens symboles en Sanscrit que le docteur USUI \u00e0 \u00e9tudi\u00e9s dans les Soutras Bouddhistes et re\u00e7us au cours de son exp\u00e9rience de m\u00e9ditation sur le mont Kura Yama.<\/p>\n\n\n\n<p>Les initiations REIKI nous donnent une meilleure conscience des facteurs qui entrent en jeu dans la spirale de notre \u00e9volution vers l\u2019unicit\u00e9 de la cr\u00e9ation.<\/p>\n\n\n\n<p>Les mains servant d\u2019instrument de d\u00e9couverte, il n\u2019est pas indispensable de conna\u00eetre l\u2019anatomie et la physiologie du corps. REIKI poss\u00e8de une divine intelligence qui est autonome et d\u00e9c\u00e8le les besoins du corps en \u00e9nergie de gu\u00e9rison et d\u2019amour, afin de les combler.<\/p>\n\n\n\n<p>Tout le monde peut \u00eatre initi\u00e9 \u00e0 l\u2019\u00e9nergie du REIKI et poss\u00e9der cet outil pour la vie. Des nouveau-n\u00e9s ont re\u00e7u l\u2019\u00e9nergie \u00e0 leur naissance, ainsi que des vieillards et d\u2019autres personnes tributaires de handicaps ou de facteurs limitatifs. Tout le monde r\u00e9agit bien \u00e0 l\u2019harmonie et \u00e0 l\u2019\u00e9quilibre qui en r\u00e9sultent, \u00e0 cette transformation puissante et consciente.<\/p>\n\n\n\n<p>L\u2019individu r\u00e9alise alors son propre pouvoir cr\u00e9ateur et d\u00e9couvre qu\u2019il peut vivre ce qu\u2019il porte en lui de meilleur. REIKI est une voie douce, subtile, qui permet \u00e0 chacun de cro\u00eetre et de se r\u00e9tablir aussi vite ou aussi lentement que le dicte son karma et les dispositions de son \u00e2me.<\/p>\n\n\n\n<p>Les professionnels de la sant\u00e9 qui ajoutent REIKI \u00e0 leur formation classique offrent ainsi un plus grand choix de modalit\u00e9s \u00e0 leurs clients.<\/p>\n\n\n\n<p>REIKI nous aligne avec le c\u0153ur m\u00eame de notre \u00eatre, avec notre cr\u00e9ation. Lorsqu\u2019on a re\u00e7u cette \u00e9nergie, on ne retourne plus \u00e0 l\u2019existence ordinaire. La vie devient pleine et gaie, heureuse et combl\u00e9e.<\/p>\n\n\n\n<p>REIKI c\u2019est l\u2019Amour divin dans sa forme la plus pure<\/p>\n\n\n\n<p>Cet Amour est inconditionnel<\/p>\n\n\n\n<p>Cet Amour ne demande rien, ni du receveur ni du donneur.<\/p>\n\n\n\n<p>Cet Amour n\u2019appartient \u00e0 aucune secte ni aucun dogme<\/p>\n\n\n\n<p>Cet Amour n\u2019exige aucune croyance sp\u00e9cifique en l\u2019Etre supr\u00eame ou m\u00eame dans REIKI<\/p>\n\n\n\n<p>Pratiqu\u00e9e sous sa forme traditionnelle, d\u00e9velopp\u00e9e par le Dr USUI dans le syst\u00e8me de gu\u00e9rison holistique naturel REIKI, cette force gu\u00e9rit le corps et les \u00e9motions, les ramenant en \u00e9quilibre et s\u00e9curisant ainsi la sant\u00e9, le bonheur, la prosp\u00e9rit\u00e9 et une longue vie.<\/p>\n\n\n\n<p><strong>CONTENU DU 2 EME DEGRE<\/strong><\/p>\n\n\n\n<p>R\u00e9vision du 1<sup>er<\/sup> degr\u00e9 et introduction au 2eme degr\u00e9<\/p>\n\n\n\n<p>Les symboles du 2eme degr\u00e9<\/p>\n\n\n\n<p>La gu\u00e9rison \u00e0 distance<\/p>\n\n\n\n<p>La pratique du REIKI<\/p>\n\n\n\n<p>M\u00e9thode pour harmoniser rapidement<\/p>\n\n\n\n<p>Informations suppl\u00e9mentaires<\/p>\n\n\n\n<p>Bibliographie<\/p>\n\n\n\n<p>Initiation<\/p>\n\n\n\n<p><strong>NIVEAU 3&nbsp;:<\/strong><\/p>\n\n\n\n<p>Avec un dipl\u00f4me de troisi\u00e8me degr\u00e9 de REIKI, l\u2019\u00e9tudiant est Maitre de REIKI pratiquant et non enseignant. Il commence \u00e0 int\u00e9grer des techniques apprises afin de passer \u00e0 l\u2019\u00e9tape finale qui est le degr\u00e9 de Ma\u00eetre-enseignant et initiateur officiel.<\/p>\n\n\n\n<p>Par l\u2019initiation au troisi\u00e8me niveau, l\u2019initi\u00e9 re\u00e7oit un apport de lumi\u00e8re d\u2019une force tr\u00e8s importante, ce qui am\u00e8ne les corps subtils et le corps physique \u00e0 r\u00e9agir. Un travail de purification et de nettoyage des corps commence et aide l\u2019initi\u00e9 \u00e0 prendre conscience des forces latentes qui s\u2019\u00e9veillent \u00e0 l\u2019int\u00e9rieur de lui, \u00e0 \u00eatre sensible \u00e0 la nature et \u00e0 tout ce qui entre en contact avec ses sens physiques et subtils.<\/p>\n\n\n\n<p>Cette p\u00e9riode d\u2019int\u00e9gration est tr\u00e8s importante et peut varier d\u2019un individu \u00e0 un autre, selon la d\u00e9marche personnelle et les croyances qui l\u2019ont men\u00e9 sur le chemin de cette ma\u00eetrise.<\/p>\n\n\n\n<p>Dans cette d\u00e9marche, les nouveaux Maitres de REIKI doivent se distinguer par leur simplicit\u00e9, leur modestie et la joie qui les anime, leur sens de l\u2019humour, leur gratitude, leur clart\u00e9 d\u2019esprit, leur tol\u00e9rance, leur douceur, leur amour de la nature, leur ouverture aux nouvelles connaissances, leur attitude de non jugement et le respect des \u00eates et des choses. L\u2019objectif du Ma\u00eetre est de servir.<\/p>\n\n\n\n<p>L\u2019initiation au troisi\u00e8me degr\u00e9 permet une ouverture du canal subtil qui nourrit les chakras qui sont des lotus, des roses \u00e0 plusieurs p\u00e9tales. Chaque p\u00e9tale est reli\u00e9 \u00e0 un rayon et associ\u00e9 \u00e0 une qualit\u00e9. Quand cette qualit\u00e9 est int\u00e9gr\u00e9e, le rayon peut p\u00e9n\u00e9trer dans le corps pour y apporter une nouvelle vibration.<\/p>\n\n\n\n<p>En d\u00e9veloppant toutes les qualit\u00e9s positives, ces qualit\u00e9s vous connectent \u00e0 tous ces rayons et par ces rayonnements, vous devenez un grand soleil qui peut influencer \u00e0 une tr\u00e8s grande distance et sur plusieurs dimensions.<\/p>\n\n\n\n<p>Dans votre nouveau r\u00f4le de Ma\u00eetre de REIKI, vous pouvez enseigner les degr\u00e9s 1 et 2 du REIKI. Votre succ\u00e8s en tant qu\u2019enseignant de ces deux degr\u00e9s, ne d\u00e9pend pas de connaissances livresques mais de votre capacit\u00e9 et de votre facilit\u00e9 \u00e0 vous connecter \u00e0 la source.<\/p>\n\n\n\n<p>Pour le faire, il faut \u00eatre constamment install\u00e9 au c\u0153ur de Soi, au centre du c\u0153ur. Toute \u00e9nergie, tout rayon pour \u00eatre transmis doit passer par le c\u0153ur, qui est le centre, le point entre l\u2019infiniment grand et l\u2019infiniment petit.<\/p>\n\n\n\n<p>A partir de ce centre, il n\u2019y a plus de limites entre les dimensions, il y a l\u2019infini.<\/p>\n\n\n\n<p><strong>CONTENU DU 3 EME DEGRE<\/strong><\/p>\n\n\n\n<p>R\u00e9vision du 2eme degr\u00e9 et introduction au 3eme degr\u00e9<\/p>\n\n\n\n<p>Le symbole du 3eme degr\u00e9<\/p>\n\n\n\n<p>Comment initier au 1<sup>er<\/sup> et 2eme degr\u00e9<\/p>\n\n\n\n<p>Informations suppl\u00e9mentaires (points d\u2019imposition des mains)<\/p>\n\n\n\n<p>REIKI et m\u00e9diumnit\u00e9<\/p>\n\n\n\n<p>Bibliographie<\/p>\n\n\n\n<p>initiation<\/p>\n\n\n\n<p><strong>NIVEAU 4&nbsp;:<\/strong><\/p>\n\n\n\n<p><strong>Bienvenue \u00e0 la derni\u00e8re phase de la formation et de l\u2019initiation \u00e0 la Ma\u00eetrise du REIKI<\/strong><\/p>\n\n\n\n<p>Comme vous le savez, selon vos pratiques avec le REIKI, ce syst\u00e8me de gu\u00e9rison n\u2019est pas seulement un syst\u00e8me de gu\u00e9rison corporel, mais aussi et surtout, un syst\u00e8me de d\u00e9veloppement de l\u2019Esprit qui aide \u00e0 prendre contact avec sa propre nature divine.<\/p>\n\n\n\n<p>Ce niveau 4 est l\u2019initiation qui rend possible la manifestation de cette recherche du Divin par l\u2019initiation que les tib\u00e9tains appelaient le Serpent de Feu, la m\u00e8re divine en nous. Dans la tradition orientale, cette m\u00e8re divine est reconnue comme la d\u00e9esse Kundalini qui r\u00e9side dans le chakra racine, le Muladhara, situ\u00e9 au coccyx et qui constitue le si\u00e8ge de la vitalit\u00e9 et de l\u2019instinct de survie.<\/p>\n\n\n\n<p>REIKI vient des mots RAKU-KEI. RAKU \u00e9tant l\u2019\u00e9nergie circulant \u00e0 la verticale et KEI \u00e9tant l\u2019\u00e9nergie circulant \u00e0 l\u2019horizontal dans le corps. RAKU-KEI est l\u2019art et la science de l\u2019auto am\u00e9lioration spirituelle qui tire ses origines de l\u2019ancien Tibet, il y a plusieurs milliers d\u2019ann\u00e9es.<\/p>\n\n\n\n<p>Au d\u00e9but, la calligraphie REIKI \u00e9tait un syst\u00e8me de m\u00e9ditation utilis\u00e9 par les lamas tib\u00e9tains. Les calligraphies \u00e9taient peintes sur de grands tableaux suspendus aux murs et \u00e9taient le centre d\u2019attention lors des travaux sur les mantras, afin d\u2019\u00e9clairer les saints hommes tib\u00e9tains dans les monast\u00e8res. Les participants s\u2019asseyaient sur un banc \u00e0 quatre pattes au centre d\u2019un contenant en terre cuite, de forme ovale repr\u00e9sentant l\u2019Akasa (l\u2019\u0153uf \u00e9th\u00e9rique). Le contenant \u00e9tait rempli de trois pouces d\u2019eau et le banc \u00e9tait situ\u00e9 au centre. Le banc \u00e9tait en bois, avec des gravures d\u2019argent pur incrust\u00e9es sur chaque patte qui se rejoignaient pour former une gravure en forme de cube sur le si\u00e8ge. Un mur du temple \u00e9tait compos\u00e9 de cuivre, poli au plus haut point. En arri\u00e8re de l\u2019aspirant \u00e9tait plac\u00e9 un mur angulaire contenant la pri\u00e8re du Lama et les calligraphies des symboles REIKI. Les symboles \u00e9taient refl\u00e9t\u00e9s par le mur de cuivre, alors que l\u2019initi\u00e9 m\u00e9ditait sur ces reflets pendant qu\u2019il \u00e9tait assis sur le banc, au centre du contenant rempli d\u2019eau.<\/p>\n\n\n\n<p>Le but \u00e9tait que les symboles s\u2019impr\u00e8gnent profond\u00e9ment dans le subconscient par la m\u00e9ditation, \u00e9levant ainsi le niveau de conscience pendant que la purification de l\u2019ensemble corps\/esprit s\u2019effectuait. Parce que cette science tr\u00e8s \u00e9sot\u00e9rique \u00e9tait transmise oralement, elle est \u00e9ventuellement disparue. Puis, au milieu du 19eme si\u00e8cle, le Dr Mikao USUI a red\u00e9couvert dans un ancien texte sanscrit les symboles utilis\u00e9s comme catalyseur pour cette technique de m\u00e9ditation.<\/p>\n\n\n\n<p>Au commencement, les calligraphies REIKI \u00e9taient seulement utilis\u00e9es pour le d\u00e9veloppement de soi dans la m\u00e9ditation et la purification spirituelle. Depuis que le Dr USUI a red\u00e9couvert le REIKI, le syst\u00e8me \u00e0 subit de nombreux changements. Bien que les calligraphies demeurent principalement les m\u00eames, elles ont quand m\u00eame \u00e9t\u00e9 modifi\u00e9es pour s\u2019adapter \u00e0 l\u2019esprit des occidentaux.<\/p>\n\n\n\n<p><strong>CONTENU DU 4 EME DEGRE&nbsp;: Ma\u00eetre Enseignant de REIKI USUI<\/strong><\/p>\n\n\n\n<p><strong>R\u00e9serv\u00e9 aux personnes pratiquant r\u00e9guli\u00e8rement des soins et souhaitant transmettre le REIKI<\/strong><\/p>\n\n\n\n<p>R\u00e9vision du 3eme degr\u00e9 et introduction au 4eme degr\u00e9<\/p>\n\n\n\n<p>Le secret sacr\u00e9 du REIKI<\/p>\n\n\n\n<p>Le symbole du 4eme degr\u00e9<\/p>\n\n\n\n<p>Initiation \u00e0 Ma\u00eetre de REIKI<\/p>\n\n\n\n<p>Mes symboles REIKI et la communication spirituelle<\/p>\n\n\n\n<p>Comment initier au 3eme et 4eme degr\u00e9<\/p>\n\n\n\n<p>Bibliographie<\/p>\n\n\n\n<p><strong>NB<\/strong>&nbsp;: <strong>A l\u2019issue de chaque formation, il vous sera remis les documents suivants:<\/strong><\/p>\n\n\n\n<p>-Le livret du degr\u00e9<\/p>\n\n\n\n<p>-une feuille \u00ab\u00a0les principes du REIKI\u00a0\u00bb<\/p>\n\n\n\n<p>-Une feuille \u00ab\u00a0ma lign\u00e9e\u00a0\u00bb<\/p>\n\n\n\n<p>-Une attestation (non reconnue par l\u2019Etat) mat\u00e9rialisant votre participation \u00e0 la formation.<\/p>\n\n\n\n<p><strong><u>EN AUCUN CAS le REIKI ne saurait se substituer \u00e0 un traitement ou \u00e0 un examen m\u00e9dical ni \u00e0 une consultation chez le m\u00e9decin<\/u><\/strong><\/p>\n\n\n\n<figure class=\"wp-block-image size-full\"><img loading=\"lazy\" decoding=\"async\" width=\"119\" height=\"265\" src=\"https:\/\/bien-etrereiki-jpierre.com\/wp-content\/uploads\/2024\/01\/ideogramme-reiki.png\" alt=\"\" class=\"wp-image-28\"\/><\/figure>\n\n\n\n<p><\/p>\n","protected":false},"excerpt":{"rendered":"<p>NIVEAU 1&nbsp;: GENERALITES Le niveau 1 du REIKI consiste en quatre initiations ou transferts d\u2019\u00e9nergie. Cons\u00e9quence unique, les mains deviennent sensibles \u00e0 la pr\u00e9sence des d\u00e9s\u00e9quilibres dans le corps, r\u00e9agissant par des sensations de chaleur et des picotements. Tant que le d\u00e9s\u00e9quilibre demande l\u2019\u00e9nergie, les mains r\u00e9pondent \u00e0 ce besoin. Lorsque le d\u00e9s\u00e9quilibre a disparu, [&hellip;]<\/p>\n","protected":false},"author":1,"featured_media":0,"parent":0,"menu_order":0,"comment_status":"closed","ping_status":"closed","template":"","meta":{"footnotes":""},"class_list":["post-21","page","type-page","status-publish","hentry"],"_links":{"self":[{"href":"https:\/\/bien-etrereiki-jpierre.com\/index.php\/wp-json\/wp\/v2\/pages\/21","targetHints":{"allow":["GET"]}}],"collection":[{"href":"https:\/\/bien-etrereiki-jpierre.com\/index.php\/wp-json\/wp\/v2\/pages"}],"about":[{"href":"https:\/\/bien-etrereiki-jpierre.com\/index.php\/wp-json\/wp\/v2\/types\/page"}],"author":[{"embeddable":true,"href":"https:\/\/bien-etrereiki-jpierre.com\/index.php\/wp-json\/wp\/v2\/users\/1"}],"replies":[{"embeddable":true,"href":"https:\/\/bien-etrereiki-jpierre.com\/index.php\/wp-json\/wp\/v2\/comments?post=21"}],"version-history":[{"count":8,"href":"https:\/\/bien-etrereiki-jpierre.com\/index.php\/wp-json\/wp\/v2\/pages\/21\/revisions"}],"predecessor-version":[{"id":625,"href":"https:\/\/bien-etrereiki-jpierre.com\/index.php\/wp-json\/wp\/v2\/pages\/21\/revisions\/625"}],"wp:attachment":[{"href":"https:\/\/bien-etrereiki-jpierre.com\/index.php\/wp-json\/wp\/v2\/media?parent=21"}],"curies":[{"name":"wp","href":"https:\/\/api.w.org\/{rel}","templated":true}]}}