{"id":15,"date":"2024-01-11T16:52:26","date_gmt":"2024-01-11T15:52:26","guid":{"rendered":"http:\/\/bien-etrereiki-jpierre.com\/?page_id=15"},"modified":"2026-03-01T12:08:18","modified_gmt":"2026-03-01T11:08:18","slug":"guerisseur-par-le-reiki-usui","status":"publish","type":"page","link":"https:\/\/bien-etrereiki-jpierre.com\/index.php\/guerisseur-par-le-reiki-usui\/","title":{"rendered":"GUERISSEUR PAR LE REIKI USUI"},"content":{"rendered":"\n<figure class=\"wp-block-image size-full\"><img loading=\"lazy\" decoding=\"async\" width=\"120\" height=\"82\" src=\"https:\/\/bien-etrereiki-jpierre.com\/wp-content\/uploads\/2024\/01\/images1-1.jpg\" alt=\"\" class=\"wp-image-16\"\/><\/figure>\n\n\n\n<p><strong>&nbsp;&nbsp;&nbsp;&nbsp;&nbsp;&nbsp;&nbsp; \u00abLes mains qui peuvent apporter des bienfaits\u00bb<\/strong><\/p>\n\n\n\n<p>Le REIKI est un mot Japonais qui signifie force de vie ou \u00e9nergie vitale universelle.<\/p>\n\n\n\n<p>Si l\u2019\u00eatre humain doit son \u00e9quilibre et son bon fonctionnement gr\u00e2ce aux diff\u00e9rents syst\u00e8mes qui le r\u00e9gissent&nbsp;: syst\u00e8me sanguin, nerveux, squelettique, musculaire\u2026, tout ce qui est vivant est anim\u00e9 par une \u00e9nergie appel\u00e9e KI en Japonais qui signifie aussi l\u2019\u00e2me, le souffle, l\u2019humeur, l\u2019\u00e9nergie en g\u00e9n\u00e9ral.<\/p>\n\n\n\n<p>Le REIKI est une m\u00e9thode naturelle de traitement par imposition des mains qui se transmet par l\u2019INITIATION.<\/p>\n\n\n\n<p><strong>LE REIKI&nbsp;:<\/strong><\/p>\n\n\n\n<p><strong>Pour quoi&nbsp;?<\/strong><\/p>\n\n\n\n<p>Il renforce et acc\u00e9l\u00e8re le processus naturel de gu\u00e9rison,<\/p>\n\n\n\n<p>Il active le syst\u00e8me immunitaire,<\/p>\n\n\n\n<p>Il augmente la r\u00e9sistance physique,<\/p>\n\n\n\n<p>Il aide \u00e0 l\u2019\u00e9limination des toxines et fortifie les organes,<\/p>\n\n\n\n<p>Il facilite la r\u00e9g\u00e9n\u00e9ration des cellules,<\/p>\n\n\n\n<p>Il dissout les blocages (psychosomatiques, probl\u00e8mes \u00e9motionnels et physiques, favorise la perte de poids\u2026),<\/p>\n\n\n\n<p>Il favorise la d\u00e9tente, permet de retrouver un sommeil r\u00e9parateur, aide \u00e0 \u00e9vacuer le stress par exemple lors de la pr\u00e9paration d\u2019un concours ou examen,<\/p>\n\n\n\n<p>Il peut aider dans le traitement des addictions,<\/p>\n\n\n\n<p>Il optimise l\u2019efficacit\u00e9 d\u2019un traitement m\u00e9dical,<\/p>\n\n\n\n<p>Il peut \u00e9galement \u00eatre utilis\u00e9 lors de situations conflictuelles,<\/p>\n\n\n\n<p>Il peut \u00e9galement \u00eatre utilis\u00e9 \u00e0 titre pr\u00e9ventif pour maintenir l\u2019\u00e9quilibre \u00e9nerg\u00e9tique du corps et dans un but curatif pour diff\u00e9rentes douleurs, blocages \u00e9motionnels\u2026<\/p>\n\n\n\n<p>ET beaucoup d\u2019autres possibilit\u00e9s&#8230;<\/p>\n\n\n\n<p><strong>Pour qui&nbsp;?<\/strong><\/p>\n\n\n\n<p>Il est accessible \u00e0 toute personne quelque soit son \u00e2ge, son sexe, sa confession&nbsp;\u00ab&nbsp;dans le cas d\u2019une s\u00e9ance en pr\u00e9sentiel pour un enfant, la pr\u00e9sence d\u2019un des deux parents ou les deux est exig\u00e9e&nbsp;\u00bb<\/p>\n\n\n\n<p>Il peut \u00eatre dispens\u00e9 en entreprise&nbsp;: il peut \u00eatre un auxiliaire pr\u00e9cieux pour le bien-\u00eatre de vos collaborateurs, associ\u00e9s, cadres\u2026notamment pour la gestion du stress et les \u00e9tats d\u00e9pressifs\u2026<\/p>\n\n\n\n<p>Les animaux, les plantes\u2026peuvent aussi b\u00e9n\u00e9ficier de ses bienfaits.<\/p>\n\n\n\n<p><strong>Comment se d\u00e9roule une s\u00e9ance en pr\u00e9sentiel&nbsp;?<\/strong><\/p>\n\n\n\n<p>La s\u00e9ance commence par un entretien<\/p>\n\n\n\n<p>Ensuite et selon les possibilit\u00e9s, la personne peut \u00eatre assise, allong\u00e9e sur une table adapt\u00e9e (table de kin\u00e9 par exemple) et reste habill\u00e9e. Elle a les yeux ferm\u00e9s pour favoriser son bien-\u00eatre et sa relaxation. Le praticien impose ses mains sur les diff\u00e9rentes parties du corps<strong> sans contact physique.<\/strong><\/p>\n\n\n\n<p>La dur\u00e9e de la s\u00e9ance \u00e9volue selon les besoins et est d\u00e9termin\u00e9e au cas par cas.<\/p>\n\n\n\n<p>A la fin de la s\u00e9ance un nouvel entretien consiste \u00e0 exprimer les sensations \u00e9ventuellement ressenties.<\/p>\n\n\n\n<p><strong><u>EN AUCUN CAS le REIKI ne saurait se substituer \u00e0 un traitement ou \u00e0 un examen m\u00e9dical ni \u00e0 une consultation chez le m\u00e9decin.<\/u><\/strong><\/p>\n\n\n\n<p><strong>NB: Voir page: OFFRE DE SERVICES ET TARIFS<\/strong> <strong>(autres disciplines propos\u00e9es) <\/strong><\/p>\n\n\n\n<p><\/p>\n","protected":false},"excerpt":{"rendered":"<p>&nbsp;&nbsp;&nbsp;&nbsp;&nbsp;&nbsp;&nbsp; \u00abLes mains qui peuvent apporter des bienfaits\u00bb Le REIKI est un mot Japonais qui signifie force de vie ou \u00e9nergie vitale universelle. Si l\u2019\u00eatre humain doit son \u00e9quilibre et son bon fonctionnement gr\u00e2ce aux diff\u00e9rents syst\u00e8mes qui le r\u00e9gissent&nbsp;: syst\u00e8me sanguin, nerveux, squelettique, musculaire\u2026, tout ce qui est vivant est anim\u00e9 par une \u00e9nergie [&hellip;]<\/p>\n","protected":false},"author":1,"featured_media":0,"parent":0,"menu_order":0,"comment_status":"closed","ping_status":"closed","template":"","meta":{"footnotes":""},"class_list":["post-15","page","type-page","status-publish","hentry"],"_links":{"self":[{"href":"https:\/\/bien-etrereiki-jpierre.com\/index.php\/wp-json\/wp\/v2\/pages\/15","targetHints":{"allow":["GET"]}}],"collection":[{"href":"https:\/\/bien-etrereiki-jpierre.com\/index.php\/wp-json\/wp\/v2\/pages"}],"about":[{"href":"https:\/\/bien-etrereiki-jpierre.com\/index.php\/wp-json\/wp\/v2\/types\/page"}],"author":[{"embeddable":true,"href":"https:\/\/bien-etrereiki-jpierre.com\/index.php\/wp-json\/wp\/v2\/users\/1"}],"replies":[{"embeddable":true,"href":"https:\/\/bien-etrereiki-jpierre.com\/index.php\/wp-json\/wp\/v2\/comments?post=15"}],"version-history":[{"count":5,"href":"https:\/\/bien-etrereiki-jpierre.com\/index.php\/wp-json\/wp\/v2\/pages\/15\/revisions"}],"predecessor-version":[{"id":648,"href":"https:\/\/bien-etrereiki-jpierre.com\/index.php\/wp-json\/wp\/v2\/pages\/15\/revisions\/648"}],"wp:attachment":[{"href":"https:\/\/bien-etrereiki-jpierre.com\/index.php\/wp-json\/wp\/v2\/media?parent=15"}],"curies":[{"name":"wp","href":"https:\/\/api.w.org\/{rel}","templated":true}]}}